nder when 220938513 is divided by 2011?
2009
What is the remainder when 23831998 is divided by 4258?
4230
Calculate the remainder when 2731 is divided by 210.
1
Calculate the remainder when 1432514 is divided by 18364.
122
Calculate the remainder when 729839 is divided by 5528.
143
Calculate the remainder when 2830143 is divided by 2830143.
0
What is the remainder when 53014 is divided by 2641?
194
Calculate the remainder when 23327310 is divided by 11407.
11402
Calculate the remainder when 3920861 is divided by 1040.
61
Calculate the remainder when 2216352 is divided by 47.
20
What is the remainder when 2162114975 is divided by 1896?
1895
What is the remainder when 1372970 is divided by 52806?
14
Calculate the remainder when 542933 is divided by 15509.
118
Calculate the remainder when 3708251 is divided by 175.
1
What is the remainder when 126060 is divided by 368?
204
What is the remainder when 8911502 is divided by 19?
8
Calculate the remainder when 1138780 is divided by 4693.
3074
What is the remainder when 3729152 is divided by 2962?
2956
Calculate the remainder when 95488 is divided by 1703.
120
Calculate the remainder when 9922119 is divided by 18.
15
What is the remainder when 21662374 is divided by 7220785?
19
Calculate the remainder when 27288726 is divided by 299876.
10
What is the remainder when 66175676 is divided by 11?
6
What is the remainder when 2185749 is divided by 1197?
27
What is the remainder when 4306031 is divided by 306?
305
Calculate the remainder when 6896541 is divided by 398.
395
What is the remainder when 126309966 is divided by 916?
894
Calculate the remainder when 2185730 is divided by 1092858.
14
Calculate the remainder when 130205 is divided by 9709.
3988
What is the remainder when 7131057 is divided by 22?
21
What is the remainder when 127576 is divided by 1898?
410
Calculate the remainder when 12396184 is divided by 1033014.
16
What is the remainder when 1846078 is divided by 2442?
2368
What is the remainder when 1353261 is divided by 10572?
45
What is the remainder when 12992924 is divided by 41?
24
What is the remainder when 20637130 is divided by 104757?
1
Calculate the remainder when 78043076 is divided by 22773.
5
What is the remainder when 4210892 is divided by 899?
875
What is the remainder when 289002 is divided by 4191?
4014
What is the remainder when 210591 is divided by 105273?
45
What is the remainder when 2745101 is divided by 1007?
19
Calculate the remainder when 134188 is divided by 22322.
256
What is the remainder when 851933 is divided by 851919?
14
Calculate the remainder when 320009 is divided by 40000.
9
Calculate the remainder when 2146680 is divided by 18189.
378
Calculate the remainder when 2107828 is divided by 1053867.
94
Calculate the remainder when 7309277 is divided by 437.
15
Calculate the remainder when 3467612 is divided by 99057.
617
Calculate the remainder when 1295876 is divided by 1978.
286
What is the remainder when 107153 is divided by 21022?
2043
Calculate the remainder when 12712591 is divided by 62.
49
Calculate the remainder when 208778839 is divided by 3.
1
Calculate the remainder when 175431 is divided by 619.
254
What is the remainder when 548273 is divided by 137050?
73
Calculate the remainder when 6333918 is divided by 645.
18
Calculate the remainder when 38025672 is divided by 341.
80
Calculate the remainder when 328258 is divided by 25207.
567
Calculate the remainder when 247170987 is divided by 5458.
5457
What is the remainder when 174265 is divided by 17406?
205
Calculate the remainder when 305011 is divided by 260.
31
Calculate the remainder when 200596 is divided by 28574.
578
What is the remainder when 20322072 is divided by 597706?
68
What is the remainder when 614712 is divided by 17547?
567
Calculate the remainder when 1225433 is divided by 2591.
2481
What is the remainder when 279131 is divided by 218?
91
What is the remainder when 1959080 is divided by 979452?
176
Calculate the remainder when 38211 is divided by 9511.
167
What is the remainder when 426123 is divided by 141851?
570
Calculate the remainder when 539791 is divided by 179874.
169
Calculate the remainder when 46180489 is divided by 2181.
2176
Calculate the remainder when 5901953 is divided by 899.
18
Calculate the remainder when 275215 is divided by 2534.
1543
What is the remainder when 54396 is divided by 5897?
1323
Calculate the remainder when 79317 is divided by 1919.
638
Calculate the remainder when 468847 is divided by 233673.
1501
What is the remainder when 112887 is divided by 16001?
880
What is the remainder when 13981 is divided by 6567?
847
What is the remainder when 71385 is divided by 415?
5
Calculate the remainder when 12611856 is divided by 12611852.
4
What is the remainder when 5283492 is divided by 76?
48
Calculate the remainder when 38122 is divided by 4227.
79
What is the remainder when 61012 is divided by 878?
430
Calculate the remainder when 1372651 is divided by 295.
16
Calculate the remainder when 141374 is divided by 108.
2
Calculate the remainder when 842132 is divided by 2159.
122
Calculate the remainder when 747897 is divided by 3875.
22
Calculate the remainder when 59836968 is divided by 45.
18
Calculate the remainder when 65748 is divided by 234.
228
Calculate the remainder when 1611809 is divided by 1765.
364
What is the remainder when 499354 is divided by 477?
412
What is the remainder when 319088 is divided by 159537?
14
What is the remainder when 2677 is divided by 137?
74
Calculate the remainder when 178252227 is divided by 5.
2
What is the remainder when 59061372 is divided by 54036?
24
Calculate the remainder when 734649 is divided by 73464.
9
Calculate the remainder when 392976 is divided by 78.
12
Calculate the remainder when 432988 is divided by 452.
424
Calculate the remainder when 394617 is divided by 23.
6
What is the remainder when 119028 is divided by 941?
462
Calculate the remainder when 4516317 is divided by 18359.
3
What is the remainder when 102799 is divided by 17034?
595
Calculate the remainder when 669508 is divided by 2153.
2078
What is the remainder when 272063 is divided by 27036?
1703
Calculate the remainder when 77008 is divided by 202.
46
What is the remainder when 8971505 is divided by 51?
44
What is the remainder when 14004541 is divided by 5445?
1
What is the remainder when 80720 is divided by 926?
158
Calculate the remainder when 1208165 is divided by 4706.
3429
What is the remainder when 590660 is divided by 12019?
1729
Calculate the remainder when 18166315 is divided by 103.
102
Calculate the remainder when 36789 is divided by 3045.
249
Calculate the remainder when 237373 is divided by 39.
19
Calculate the remainder when 67496878 is divided by 120.
118
What is the remainder when 1218309 is divided by 712?
77
What is the remainder when 2456316 is divided by 101?
97
Calculate the remainder when 20044864 is divided by 1536.
64
What is the remainder when 370980 is divided by 370950?
30
Calculate the remainder when 21835729 is divided by 704378.
11
Calculate the remainder when 32147136 is divided by 11.
10
What is the remainder when 484835 is divided by 413?
386
What is the remainder when 113299295 is divided by 7605?
5
Calculate the remainder when 456090 is divided by 1270.
160
What is the remainder when 115564 is divided by 38502?
58
Calculate the remainder when 23574 is divided by 7770.
264
Calculate the remainder when 9861092 is divided by 29.
19
Calculate the remainder when 847649 is divided by 847578.
71
What is the remainder when 14100782 is divided by 248?
246
What is the remainder when 6239206 is divided by 2423?
2404
What is the remainder when 38522265 is divided by 323?
316
What is the remainder when 7578920 is divided by 23?
6
Calculate the remainder when 483521 is divided by 53700.
221
Calculate the remainder when 4545 is divided by 56.
9
Calculate the remainder when 279622 is divided by 18641.
7
Calculate the remainder when 378245 is divided by 7115.
1150
Calculate the remainder when 833962 is divided by 53.
7
Calculate the remainder when 7758552 is divided by 108.
48
What is the remainder when 24784 is divided by 662?
290
What is the remainder when 16882237 is divided by 6330?
127
Calculate the remainder when 38236